divided by 943632.
21
What is the remainder when 6296477 is divided by 23?
20
Calculate the remainder when 539118 is divided by 21564.
18
Calculate the remainder when 9941940 is divided by 4970964.
12
What is the remainder when 2999685 is divided by 21580?
65
Calculate the remainder when 89113 is divided by 29246.
1375
Calculate the remainder when 7121782 is divided by 309642.
16
What is the remainder when 47003 is divided by 4094?
1969
What is the remainder when 2049095 is divided by 31046?
59
Calculate the remainder when 3765439 is divided by 18.
1
Calculate the remainder when 57243 is divided by 5711.
133
Calculate the remainder when 233417 is divided by 1139.
1061
Calculate the remainder when 2033662 is divided by 140.
22
What is the remainder when 116649 is divided by 115960?
689
Calculate the remainder when 4005316 is divided by 25.
16
What is the remainder when 244899 is divided by 111?
33
Calculate the remainder when 45063870 is divided by 18.
6
Calculate the remainder when 406944216 is divided by 2195.
2191
Calculate the remainder when 5094614 is divided by 815.
49
Calculate the remainder when 410010 is divided by 1971.
42
Calculate the remainder when 3051302 is divided by 98429.
3
What is the remainder when 59140 is divided by 275?
15
Calculate the remainder when 20072 is divided by 411.
344
Calculate the remainder when 317772 is divided by 50.
22
Calculate the remainder when 526632 is divided by 10326.
6
What is the remainder when 55423294 is divided by 43?
35
Calculate the remainder when 1410534 is divided by 564.
534
Calculate the remainder when 44493720 is divided by 22246860.
0
Calculate the remainder when 36948293 is divided by 47.
42
What is the remainder when 265530327 is divided by 254?
251
Calculate the remainder when 31433781 is divided by 474.
471
What is the remainder when 96264015 is divided by 4375636?
23
Calculate the remainder when 10307970 is divided by 69.
60
Calculate the remainder when 1568604 is divided by 58096.
12
Calculate the remainder when 414833 is divided by 945.
923
Calculate the remainder when 7414411 is divided by 144.
139
Calculate the remainder when 857783 is divided by 285927.
2
What is the remainder when 4861 is divided by 1363?
772
What is the remainder when 142364493 is divided by 13?
11
Calculate the remainder when 280489 is divided by 1159.
11
What is the remainder when 1471913 is divided by 262?
259
What is the remainder when 5456243 is divided by 1639?
12
Calculate the remainder when 1140961 is divided by 24801.
115
What is the remainder when 229321 is divided by 5733?
1
Calculate the remainder when 1661527 is divided by 1660963.
564
What is the remainder when 199302 is divided by 35?
12
Calculate the remainder when 121331 is divided by 341.
276
Calculate the remainder when 174541 is divided by 4846.
85
What is the remainder when 3359998 is divided by 46?
20
What is the remainder when 125329 is divided by 4485?
4234
Calculate the remainder when 223045748 is divided by 37174287.
26
Calculate the remainder when 18890 is divided by 3309.
2345
Calculate the remainder when 52898 is divided by 3777.
20
What is the remainder when 249698 is divided by 701?
142
Calculate the remainder when 14704 is divided by 14629.
75
Calculate the remainder when 1525533 is divided by 12935.
12138
Calculate the remainder when 1304847 is divided by 326206.
23
What is the remainder when 11143503 is divided by 37?
28
What is the remainder when 108160918 is divided by 90?
88
What is the remainder when 748938 is divided by 4073?
3579
What is the remainder when 86329 is divided by 84954?
1375
Calculate the remainder when 95608317 is divided by 6330.
6327
Calculate the remainder when 2336486 is divided by 292005.
446
What is the remainder when 342801 is divided by 2468?
2217
What is the remainder when 18341 is divided by 18305?
36
Calculate the remainder when 17612521 is divided by 2414.
2391
Calculate the remainder when 2085129 is divided by 8.
1
Calculate the remainder when 98465638 is divided by 4970.
4968
What is the remainder when 3774731 is divided by 179749?
2
Calculate the remainder when 204883 is divided by 566.
557
What is the remainder when 497480 is divided by 44?
16
Calculate the remainder when 765771661 is divided by 9968.
9965
What is the remainder when 63020 is divided by 9?
2
Calculate the remainder when 42679618 is divided by 115.
13
Calculate the remainder when 71782 is divided by 5990.
5892
Calculate the remainder when 178580038 is divided by 4.
2
What is the remainder when 1088368 is divided by 4479?
4450
Calculate the remainder when 495057 is divided by 600.
57
What is the remainder when 88446602 is divided by 45851?
23
What is the remainder when 15758084 is divided by 404053?
17
What is the remainder when 6995519 is divided by 711?
701
Calculate the remainder when 49286 is divided by 43947.
5339
What is the remainder when 203095 is divided by 4319?
102
What is the remainder when 50105 is divided by 50105?
0
Calculate the remainder when 5746932 is divided by 957821.
6
Calculate the remainder when 454485 is divided by 1943.
1766
Calculate the remainder when 79882024 is divided by 46.
34
Calculate the remainder when 846538 is divided by 3359.
70
Calculate the remainder when 285472 is divided by 142697.
78
Calculate the remainder when 31039160 is divided by 156.
152
Calculate the remainder when 55349 is divided by 55065.
284
Calculate the remainder when 1224268 is divided by 3644.
3528
Calculate the remainder when 25143 is divided by 8365.
48
Calculate the remainder when 2835153 is divided by 1723.
818
What is the remainder when 561021 is divided by 280505?
11
Calculate the remainder when 7096088 is divided by 91.
90
Calculate the remainder when 1155002 is divided by 750.
2
Calculate the remainder when 103682 is divided by 3047.
84
What is the remainder when 90016656 is divided by 28?
16
What is the remainder when 736303 is divided by 49075?
178
What is the remainder when 1319851 is divided by 1082?
893
What is the remainder when 5071122 is divided by 23?
13
What is the remainder when 187958470 is divided by 264?
238
What is the remainder when 232750 is divided by 340?
190
What is the remainder when 290431 is divided by 72481?
507
What is the remainder when 17204 is divided by 8189?
826
Calculate the remainder when 34804241 is divided by 76.
41
Calculate the remainder when 1928627 is divided by 327.
308
What is the remainder when 66410351 is divided by 22136783?
2
Calculate the remainder when 1676047 is divided by 837944.
159
What is the remainder when 36846 is divided by 3062?
102
What is the remainder when 130128192 is divided by 15?
12
Calculate the remainder when 65838799 is divided by 5899.
60
Calculate the remainder when 3268153 is divided by 272332.
169
Calculate the remainder when 9766493 is divided by 20.
13
What is the remainder when 5887836 is divided by 32?
28
Calculate the remainder when 17477295 is divided by 397211.
11
Calculate the remainder when 10868755 is divided by 78759.
13
Calculate the remainder when 84723 is divided by 21178.
11
What is the remainder when 661699 is divided by 165423?
7
Calculate the remainder when 2058426 is divided by 4524.
6
Calculate the remainder when 135168240 is divided by 1798.
1792
What is the remainder when 31949019 is divided by 484075?
69
What is the remainder when 14143464 is divided by 12331?
12138
What is the remainder when 430231 is divided by 133?
109
Calculate the remainder when 1490676 is divided by 43.
38
What is the remainder when 126468340 is divided by 6016?
6004
What is the remainder when 3752415 is divided by 2357?
71
Calculate the remainder when 4960200 is divided by 1201.
70
What is the remainder when 16538545 is divided by 261?
19
Calculate the remainder when 10848737 is divided by 70.
67
Calculate the remainder when 50888831 is divided by 91.
84
Calculate the remainder when 1081666 is divided by 651.
355
Calculate the remainder when 828835 is divided by 353.
344
What is the remainder when 2547426 is divided by 88?
2
Calculate the remainder when 111872 is divided by 204.
80
What is the remainder when 158190 is divided by 1388?
1346
Calculate the remainder when 24096458 is divided by 51932.
10
Calculate the remainder when 15990029 is 